e 0 = -4*u - 7 + i. Calculate the remainder when y is divided by u.
8
Let k be 0 + 1 + -2 + 1. Suppose k*i + 2*i - 3*w = 58, 0 = -5*i + 3*w + 145. Suppose 0*m + 9*m - 90 = 0. What is the remainder when i is divided by m?
9
Suppose -n - 1 = -7. Let a = -2 + 4. Calculate the remainder when n is divided by a.
0
What is the remainder when (-90)/(-21) - (-2)/(-7) is divided by 4?
0
Let r be 3/(-18) + (-403)/(-6). Suppose 4*v - 3*l - 80 = 0, 0 = -3*v + 4*l - 0*l + r. Calculate the remainder when v is divided by 5.
2
Let x(l) = -l**2 - 4 + l**3 + 1 - 1 + 2. Let b be x(2). Suppose 16 = -m + b*m. What is the remainder when 46 is divided by m?
14
Let q(o) = 2*o - 7. Suppose -2*y + 3*y = 2. Calculate the remainder when y - (-14)/(2 - 0) is divided by q(6).
4
Let q(m) be the third derivative of -m**5/60 - m**4/6 - 2*m**3/3 - 2*m**2. Let b be q(-4). Calculate the remainder when ((-11)/(-4))/(b/(-16)) is divided by 6.
5
Suppose -84 = 17*m - 21*m. What is the remainder when m is divided by 16?
5
What is the remainder when 4 is divided by (2/3)/(4/12)?
0
Let h = -15 - -29. What is the remainder when h is divided by 4?
2
Suppose 0 = -5*d - 4 - 181. Let f = d + 56. Calculate the remainder when f is divided by 7.
5
Let f = -12 - -6. What is the remainder when (60/8)/(f/(-16)) is divided by 11?
9
Let p = 15 + 5. Suppose 3*t - 5*r = p, 2*r + 5 + 0 = t. What is the remainder when 27 is divided by t?
12
Let u = -19 - -31. Suppose -3*m - 4 = -13. Suppose 0*s - m*s + u = 0. What is the remainder when s is divided by 3?
1
What is the remainder when 1/3 + 212/3 is divided by 18?
17
Let v be 216/99 - (-4)/(-22). Suppose -2*c = -v - 36. What is the remainder when c is divided by 11?
8
Suppose -2*s = 3*s - 155. Calculate the remainder when s is divided by -2 - (-3 + 2) - -9.
7
Let r = -8 + 11. Suppose -2*n - 10 = r*s - 71, 3*n = -s + 32. What is the remainder when 33 is divided by s?
16
Let q be (-6)/3 + (178 - 2). Let i be q/21 + 2/(-7). Suppose -4*b + i*b - 8 = 0. What is the remainder when 3 is divided by b?
1
Let c(n) = 3*n**2 + n**3 - 4 - 6*n + 2*n**2 - 2 + 0*n**2. Let m be c(-5). Suppose -m - 12 = -2*b. Calculate the remainder when 35 is divided by b.
17
Suppose 10 = -0*c + 5*c. Suppose 0 = c*j - 14 - 20. Let t = 29 - 20. Calculate the remainder when j is divided by t.
8
Suppose 27 = 3*i - s, -4*s - 15 = -2*i + 13. What is the remainder when 26 is divided by i?
2
Suppose x = 2*x - 7. Let s = x + -1. What is the remainder when 15 is divided by s?
3
Suppose -s - 30 = -4*u, 2*u - 31 = -4*s - 7. Suppose 4*d - u = 4. Calculate the remainder when d is divided by ((-6)/(-10))/(1/5).
0
Let w = 41 - 22. Calculate the remainder when w is divided by 4.
3
Suppose w - 8 = -4. Let g = -4 + 6. Suppose g*z = -z + 9. What is the remainder when w is divided by z?
1
Suppose 7 - 182 = -4*q + 3*m, 4*m + 47 = q. Suppose -3*p + 38 = 5*f + 5, -p + f + 11 = 0. Calculate the remainder when q is divided by p.
10
Let l(w) = -w**2 - 6*w + 5. Suppose 5*i = 241 + 14. Calculate the remainder when i is divided by l(-4).
12
Suppose -y + 1 + 2 = 0. Suppose x + 2*x = -g + 5, y*g + x = 39. Calculate the remainder when 23 is divided by g.
9
Let m be (-1 + 4)/(18/24). Calculate the remainder when (-5)/(40/(-114))*m is divided by 15.
12
Let x(m) = -m**2 + 2*m + 1. Suppose -7 = -4*k - k - 4*q, k + 4*q - 11 = 0. Let z be x(k). Let j = 5 + z. What is the remainder when 8 is divided by j?
2
Suppose -2*j - 2 = 0, 2*b - 2*j = j + 7. What is the remainder when 22 is divided by b*3*(1 - -1)?
10
Let s = -9 + 21. What is the remainder when 14/(90/(-25) + 4) is divided by s?
11
Suppose 0*o + 6 = o - 4*z, -5*z = -20. Let q = 21 - 9. Calculate the remainder when o is divided by q.
10
Let v(c) = c**2 - 5*c + 6. Let n be v(4). Suppose 5*u + 115 = 2*r, -n*r = -6*r. Let x = u + 42. What is the remainder when 37 is divided by x?
18
What is the remainder when 1/(-2)*(-3 - 11) is divided by 5?
2
Let a(n) = 17*n. Calculate the remainder when 65 is divided by a(1).
14
Let c = 20 - -3. Suppose 28 = 2*a + 4. Calculate the remainder when c is divided by a.
11
Let j = -12 + 68. Calculate the remainder when j is divided by 15.
11
Suppose -2*y + b - 84 = -6*y, -3*y + 5*b + 63 = 0. Let o = -15 + y. What is the remainder when 23 is divided by o?
5
Suppose 10*d - 15*d = -55. Calculate the remainder when 0/(-2) - 80/(-2) is divided by d.
7
Suppose 11 = -5*y + 2*y - 4*v, -4*y + 7 = v. Let h(x) = 3*x - y + 2*x + 3*x. What is the remainder when 37 is divided by h(2)?
11
Let r(l) = 4 + 4*l - 8*l - 3*l - 2 - l**2. Calculate the remainder when 13 is divided by r(-6).
5
Suppose 2*k - 5*p = 4*k - 36, 2*p - 132 = -5*k. What is the remainder when 82 is divided by k?
26
Let u(n) = -122*n. Let z be u(-1). Let q = z + -63. Calculate the remainder when q is divided by 20.
19
Let w(l) = -l**2 - 2*l**3 - 5*l + 4 + l**3 + 10*l**2. Calculate the remainder when w(7) is divided by 23.
21
Let d(v) = 2*v**2 - 2*v + 2. Let t(p) = -p**2 - 13*p + 5. Calculate the remainder when d(3) is divided by t(-13).
4
Suppose v - 4 - 1 = 0. What is the remainder when 16 is divided by v?
1
Suppose 46 = -x + 5*x - c, 3*x - 2*c = 32. Let y = x - 5. What is the remainder when y is divided by ((-4)/(-2))/((-2)/(-3))?
1
Suppose -2*s + 1 = -s + 4*a, -2*s - 4*a = -22. Calculate the remainder when 79 is divided by s.
16
Suppose x + 54 = 2*d - 306, 187 = d - 4*x. Let n = d - 115. Let g = n + -43. Calculate the remainder when 61 is divided by g.
19
Suppose -i = 3*q - 130, 0 = 2*q - 2*i + i - 80. Calculate the remainder when q is divided by 11.
9
Suppose 10 + 33 = w. Suppose 2*d - 2*q + 28 = 6*d, -3*d = -4*q - w. What is the remainder when 25 is divided by d?
7
Let f be (-10)/4*(5 + -7). Suppose 0 = -3*w + f*w - 6. Calculate the remainder when w is divided by 2.
1
Suppose 2*v + 86 = 3*m, m = v - m + 42. Let d = v + 84. What is the remainder when d is divided by 20?
18
Let y(d) be the third derivative of -d**6/60 - d**5/20 + d**4/24 - d**3/6 - d**2. What is the remainder when 55107/819 + ((-16)/7 - -2) is divided by y(-3)?
21
Let c = -46 - -57. What is the remainder when 30 is divided by c?
8
Suppose -5*s - o + 330 = 0, 2*s + o - 20 - 112 = 0. Calculate the remainder when s is divided by 23.
20
Suppose -5*s + 36 + 60 = 4*l, s - 17 = -3*l. Calculate the remainder when s is divided by (-1 - 3)/(4/(-6)).
2
Suppose -4*u - y + 168 = 0, -6*y = 4*u - y - 168. Calculate the remainder when u is divided by 12.
6
Let q be (6/2)/(3/2). Suppose q*i - 12 = -2. Let h(a) = -a**2 + 7*a + 1. Calculate the remainder when 21 is divided by h(i).
10
Let x(u) = -u**2 + 14*u + 4. Calculate the remainder when x(9) is divided by 13.
10
Let c(d) = -2*d**2 + 12. Let o(s) = -s**3 - 4*s**2 - 4*s + 1. What is the remainder when o(-5) is divided by c(0)?
10
Suppose 4*k + 8 = g - 26, 0 = -3*k + 12. Calculate the remainder when g is divided by 20.
10
What is the remainder when 21 is divided by (-35)/(-3) - 5/(-15)?
9
Let q(s) = 18*s + 4 + 3 - 3. Let b be q(3). Suppose 0 = 4*y - 2*g - b, -y + 5*y - 67 = -g. What is the remainder when y is divided by 9?
7
Let a(b) be the third derivative of 7*b**5/60 - b**4/24 + b**3/6 + 3*b**2. What is the remainder when a(-2) is divided by 11?
9
Suppose i + 4*i - 426 = -2*k, -2*k - 4 = 0. What is the remainder when i is divided by 23?
17
Suppose -10 = 10*o - 30. Suppose 4 = 3*l - p - 2, -2*p = 4*l - 8. Calculate the remainder when o is divided by l.
0
Let h(j) = j**2 + 7*j + 9. Suppose 7*l - 4*l + 21 = 0. Calculate the remainder when h(l) is divided by 4.
1
Suppose -3*l - 8 = h, h - 24 = -2*h + 3*l. Suppose 0 = h*s - 10 + 2. Suppose 2*y - 4 = -0*y. Calculate the remainder when s is divided by y.
0
Let r = 23 + 29. Suppose -2*y - 96 = -m - 4*m, 2*m - 21 = -5*y. Calculate the remainder when r is divided by m.
16
Suppose -5 = -2*s + 61. Suppose 4*x - s = x. Calculate the remainder when 31 is divided by x.
9
Suppose -3*k = -0*k - 15. Calculate the remainder when 6/2*152/24 is divided by k.
4
Let b be 7*(2061/21 - -3). Calculate the remainder when 2/(-11) + b/22 is divided by 17.
15
Let q(k) = 2*k**2 + k - 3. Let d be 104/3 - 3/(-9). Suppose 2*j - d = 35. Calculate the remainder when j is divided by q(-3).
11
Suppose k - 29 = 20. Calculate the remainder when k is divided by ((-10)/20)/(